515
In base 11, what is -304 + 2?
-302
In base 12, what is 7 + -20?
-15
In base 9, what is -4 + 1461?
1456
In base 9, what is 2 - 47?
-45
In base 3, what is 2 - 22122?
-22120
In base 8, what is 17 - -32?
51
In base 14, what is 0 + 1d0?
1d0
In base 7, what is 1 - -300?
301
In base 6, what is -3 - -10441?
10434
In base 12, what is -9 + 18a?
181
In base 16, what is -1c + 9b?
7f
In base 10, what is 213 - 0?
213
In base 9, what is 5065 - 4?
5061
In base 10, what is 8 + -1?
7
In base 15, what is -3 + -2e1?
-2e4
In base 2, what is -111100001001 + 1001?
-111100000000
In base 3, what is -100010 + -1?
-100011
In base 8, what is 100 + 15?
115
In base 4, what is -101232 - 3?
-101301
In base 6, what is -21154 - 10?
-21204
In base 9, what is -426 + -6?
-433
In base 13, what is -14 + -8?
-1c
In base 4, what is -2213 - -2?
-2211
In base 7, what is -5101 + -20?
-5121
In base 15, what is 16 - 36?
-20
In base 10, what is -5 + 75?
70
In base 10, what is -8 + -787?
-795
In base 14, what is 10 + -9?
5
In base 11, what is 1a2 - 4?
199
In base 13, what is -5 - 79a?
-7a2
In base 12, what is -7 + -4?
-b
In base 3, what is 100 - -10202?
11002
In base 12, what is 39 + -8?
31
In base 11, what is 16 - -20?
36
In base 3, what is 1120 + -2001?
-111
In base 13, what is 5 + -427?
-422
In base 2, what is 111001000001010 + 1?
111001000001011
In base 4, what is -113 + 2?
-111
In base 16, what is 55 + -b?
4a
In base 3, what is -10100 - 1?
-10101
In base 6, what is -4 - -1342?
1334
In base 8, what is -1 + -3346?
-3347
In base 6, what is 41 + -1002?
-521
In base 10, what is -55 - 2?
-57
In base 13, what is -4 + -101?
-105
In base 12, what is -40 - -6?
-36
In base 14, what is 1 + 4a?
4b
In base 7, what is -2340 - -1?
-2336
In base 4, what is -201 + -1000?
-1201
In base 3, what is 11011110 - 1?
11011102
In base 10, what is 5 - -1295?
1300
In base 13, what is 77 + 3?
7a
In base 3, what is 102120102 + -2?
102120100
In base 15, what is -31d9 - 0?
-31d9
In base 2, what is -101100100110 - 101?
-101100101011
In base 16, what is -8 + 3ed?
3e5
In base 8, what is 126 + -4?
122
In base 9, what is 855 - 0?
855
In base 13, what is -c - 63?
-72
In base 16, what is f2 + b?
fd
In base 7, what is -2 + -410?
-412
In base 15, what is -20 - -11?
-e
In base 9, what is -1 + 156?
155
In base 13, what is -96 + 8?
-8b
In base 7, what is 600 + 0?
600
In base 7, what is -1565 + -4?
-1602
In base 12, what is -86 + -3?
-89
In base 4, what is 123 - 10300?
-10111
In base 6, what is -1044 - 110?
-1154
In base 15, what is 9ca + -4?
9c6
In base 14, what is 34 + -3?
31
In base 2, what is 10011100 + 1000?
10100100
In base 5, what is 12 + 31?
43
In base 13, what is -c - 73?
-82
In base 3, what is -2021 + 1?
-2020
In base 5, what is 1114 - -41?
1210
In base 3, what is -2001 + -200?
-2201
In base 14, what is -79 + -4?
-7d
In base 5, what is -3 - -2300?
2242
In base 12, what is -1b + -22?
-41
In base 11, what is 4 + 16?
1a
In base 5, what is 34 + -211?
-122
In base 8, what is 41706 - -1?
41707
In base 11, what is 6389 - 3?
6386
In base 11, what is -97 - -5?
-92
In base 8, what is 25 + 15?
42
In base 2, what is 11101 - 100001110?
-11110001
In base 9, what is -4 + 703?
688
In base 8, what is 22 - 75?
-53
In base 6, what is 1 + 22140?
22141
In base 11, what is -24 + -219?
-242
In base 12, what is -3 + 44?
41
In base 3, what is 10022222 + 10?
10100002
In base 2, what is -101010 + 0?
-101010
In base 9, what is -45 - 2?
-47
In base 6, what is -5 - 21144?
-21153
In base 8, what is -3 + -37?
-42
In base 7, what is 320 + 3?
323
In base 15, what is 24 - -2e?
53
In base 5, what is 1 + 11431?
11432
In base 4, what is -1031 - 2?
-1033
In base 12, what is -1a + -5?
-23
In base 16, what is -265 - -1?
-264
In base 7, what is -10061 - -5?
-10053
In base 8, what is -302 + 1?
-301
In base 14, what is 16 - -12b?
143
In base 2, what is -1000010001000001 - 1?
-1000010001000010
In base 14, what is -cc + -3?
-d1
In base 4, what is -12111 + 0?
-12111
In base 6, what is -320 - -5?
-311
In base 15, what is 7 + 3?
a
In base 11, what is -45 - 4?
-49
In base 5, what is 10 + -3?
2
In base 16, what is -12d - 28?
-155
In base 7, what is -3 - 12614?
-12620
In base 11, what is -3 - 1?
-4
In base 11, what is 46 + 0?
46
In base 16, what is -b - -6d?
62
In base 12, what is -625 + 2?
-623
In base 7, what is -4 - -165?
161
In base 14, what is 735 + 0?
735
In base 10, what is -12 + 2?
-10
In base 3, what is -1 + -200?
-201
In base 11, what is -59 - -4?
-55
In base 9, what is 7 - -234?
242
In base 3, what is 12212 - 112?
12100
In base 4, what is 3 - 321?
-312
In base 5, what is 241 - 11?
230
In base 4, what is 11 + -2023?
-2012
In base 11, what is -589 - -3?
-586
In base 8, what is -1174 - 0?
-1174
In base 5, what is 21 + 13?
34
In base 14, what is -3 - -4?
1
In base 3, what is 112220 + 10?
120000
In base 8, what is 11 - -114?
125
In base 5, what is 100 + 1?
101
In base 12, what is -645 - 1a?
-663
In base 10, what is -24 + 18?
-6
In base 16, what is -2 - -24f8?
24f6
In base 10, what is 2 + -18?
-16
In base 13, what is -332 + -4?
-336
In base 6, what is -113 - 50?
-203
In base 9, what is -72 - -40?
-32
In base 2, what is 110 + 11010110101?
11010111011
In base 5, what is 44 + -1?
43
In base 15, what is -4 + ac?
a8
In base 12, what is -1 + 186?
185
In base 11, what is -3 + 270?
268
In base 5, what is 2413 + -10?
2403
In base 10, what is -53527 + 1?
-53526
In base 15, what is -23 + 7?
-1b
In base 11, what is 3 + -231?
-229
In base 9, what is 31 + -62?
-31
In base 16, what is 1 - -12cc?
12cd
In base 4, what is 10 - -2103?
2113
In base 16, what is -5 - 18?
-1d
In base 10, what is -35 - -1?
-34
In base 2, what is 11001010001 + -100?
11001001101
In base 11, what is 3 + -108?
-105
In base 16, what is -2b81 + 4?
-2b7d
In base 15, what is -7 - 23?
-2a
In base 5, what is -4 + -13343?
-13402
In base 5, what is 10104 + -1?
10103
In base 16, what is 0 - f?
-f
In base 8, what is 0 + -146?
-146
In base 4, what is 10 - 1003?
-333
In base 11, what is 182 - -3?
185
In base 5, what is -204 + 330?
121
In base 14, what is -17 - -2?
-15
In base 4, what is 213 - 10303?
-10030
In base 15, what is c1 + 2?
c3
In base 2, what is 100 - 111000?
-110100
In base 16, what is 4a4 - -7?
4ab
In base 12, what is -40 + -111?
-151
In base 16, what is cf - -3?
d2
In base 11, what is -2 - 327?
-329
In base 14, what is 197b - 0?
197b
In base 3, what is -102010 - -22?
-101211
In base 6, what is -351 + -23?
-414
In base 6, what is 2 + -1311?
-1305
In base 10, what is 10 + 58?
68
In base 11, what is -30 - -7?
-24
In base 16, what is -e + -21?
-2f
In base 3, what is 12101 - 12120?
-12
In base 8, what is 1604 - -1?
1605
In base 12, what is 0 + -10?
-10
In base 2, what is -101 - -10001000110101?
10001000110000
In base 7, what is 5 - 10?
-2
In base 14, what is -4 - 11?
-15
In base 15, what is 11e + -3?
11b
In base 10, what is -5 + 911?
906
In base 8, what is 1 + -104?
-103
In base 15, what is -20 + a?
-15
In base 15, what is 2 + 56?
58
In base 4, what is 33000 + 3?
33003
In base 12, what is -15 + 163?
14a
In base 9, what is 21511 + -4?
21506
In base 5, what is -1 - -2412?
2411
In base 4, what is -221 - -10?
-211
In base 6, what is -230 + -123?
-353
In base 16, what is -46 - -11?
-35
In base 12, what is 77 + 2?
79
In base 6, what is -3044 + -1?
-3045
In base 15, what is 2 + 69?
6b
In base 6, what is -1223 + 5?
-1214
In base 4, what is -10222131 - 2?
-10222133
In base 4, what is 13102 - -200?
13302
In base 9, what is 226 + -26?
200
In base 2, what is 110010000 - -1001?
110011001
In base 13, what is -1830 + -2?
-1832
In base 4, what is 1023 - -322?
2011
In base 4, what is 11 + -1123?
-1112
In base 12, what is 1731 - 8?
1725
In base 9, what is 106 + -30?
66
In base 5, what is -10 - -113342?
113332
In base 2, what is -11100 + 1100?
-10000
In base 2, what is 110 + -1001110010?
-1001101100
In base 10, what is 2 - 345?
-343
In base 8, what is 170 + -5?
163
In base 9, what is 2 + -1131?
-1128
In base 8, what is -3 + -1431?
-1434
In base 13, what is 1 - ba?
-b9
In base 6, what is 122 + 4?
130
In base 11, what is -801 + -2?
-803
In base 3, what is -122011010 + -11?
-122011021
In base 3, what is -1 - 101?
-102
In base 15, what is 2c8 + -1?
2c7
In base 8, what is 20 - 15?
3
In base 5, what is 40 + -1200?
-1110
In base 11